*(-1 + 10) is divided by (-254)/(-10) + 5*(-27)/(-225).
21
What is the remainder when 2178 is divided by 822/(-3 + (-189)/(-14))*(-28)/(-8)?
260
Let x = 5 + 47. Let g(t) = -2*t**3 - 325*t**2 + 2199*t + 349. Calculate the remainder when x is divided by g(-169).
8
Suppose 116*j + 142*j - 235*j - 52233 = 0. Calculate the remainder when j is divided by 24.
15
Suppose -6 = 2*s, 344*s - 346*s - 18 = -3*z. What is the remainder when 36 + -2*(-2)/(-4) is divided by z?
3
Suppose -25 = l - 1. Let h = l - -30. Suppose -5*u = -3*g - 24 + 218, -3*u = -h. Calculate the remainder when g is divided by 10.
8
Let y(c) = 6*c**2 - 82*c - 647. What is the remainder when y(-7) is divided by 86?
49
Suppose -3*m + 0*m + 210 = 0. Suppose p - 4*t = -1961, -4*p - 1179 - 6730 = -3*t. What is the remainder when m is divided by 20/150 - p/105?
13
Suppose 0 = 6*v + 1021 - 1087. Suppose -5*z - 447 = 3*h, -5*z = -4*h - 0*h + 454. Let n = -60 - z. Calculate the remainder when n is divided by v.
8
Suppose 650 + 615 = 5*l. Let p = 271 - l. What is the remainder when 213 is divided by p?
15
Let q = -125 - -70. Let a(x) = x**3 + 5*x**2 - 3*x - 10. Let v be a(-7). Let b = q - v. What is the remainder when 58 is divided by b?
26
Suppose 0 = 7*t - 2453 + 2082. Calculate the remainder when 380 is divided by t.
9
Suppose 0 = -38*t + 32*t + 54. Let p = 50 - 25. Calculate the remainder when p is divided by t.
7
Suppose -3*l = -2*t - 7, 5*t + 4*l + 0 = 40. Suppose 182 + 78 = -5*y. Let h = -34 - y. What is the remainder when h is divided by t?
2
Let g = 8192 - 8090. Calculate the remainder when 306 is divided by g.
0
Suppose 4*r - 224 - 188 = -4*p, 3*r - 301 = 5*p. Let f(k) = 22*k**3 - 2*k**2 + 9*k - 8. What is the remainder when r is divided by f(1)?
18
What is the remainder when 713 is divided by (-18 - 468/(-30))*(-4 + -1)?
5
What is the remainder when (-10 + 2513 - -10) + 3 + -10 is divided by 68?
58
Let m be (-12)/(-9) - 2*2/(-6). Suppose j = 2*l - 4 - 49, -3*j - 55 = -m*l. What is the remainder when l is divided by 16?
10
Suppose -5*r = -4*m - 29, 42*m = -4*r + 39*m + 48. What is the remainder when 53 is divided by r?
8
Let l = 70 - 67. Suppose l*o - 3 = -5*c + 106, 0 = -o - c + 33. Suppose 0*h = 2*h - 3*q - o, -2*q = 0. Calculate the remainder when 41 is divided by h.
13
Calculate the remainder when 155 is divided by (-92)/23 + 4 + 27.
20
Suppose 498 = 34*a + 15*a - 531. Let s = -154 + 84. Let o = -18 - s. What is the remainder when o is divided by a?
10
Let o = 1469 + -1453. Calculate the remainder when 910 is divided by o.
14
Suppose -17*g - 109504 = -49*g. Calculate the remainder when g is divided by 107.
105
Suppose 481*s = 491*s - 160. Calculate the remainder when 237 is divided by s.
13
Suppose -3*a + 10 = -2*q + a, 3*a = 3*q + 3. Let y be 5/(q*(-3)/(-9)). What is the remainder when 26 is divided by 9 + 20/8*(-6)/y?
2
Suppose -l - d + 198 = 0, 3*l - 977 = d - 371. What is the remainder when l is divided by (-60*(-21)/(-840))/(2/(-92))?
63
Suppose 23*j - 518 = 11. Let n = 150 - 66. Calculate the remainder when n is divided by j.
15
Let t(u) = 56*u - 8. Let y be t(9). Let b(m) = -6*m**3 - 20*m**2 - 31*m + 2. Calculate the remainder when (6/(-8))/((-4)/y) is divided by b(-2).
29
Let f(l) = 4*l**2 - 3*l - 5. Suppose 0*x + 2*x + 10 = -5*u, 5*x = 3*u + 6. What is the remainder when 27 is divided by f(u)?
10
Suppose 25*w + 35*w = -301*w + 92777. What is the remainder when 4104 is divided by w?
249
Suppose 76 + 99 = 22*q + 21. What is the remainder when 1006 is divided by q?
5
Suppose -47*c = -38*c - 9. What is the remainder when 24 is divided by (-62)/(-4) + c - (-273)/(-182)?
9
Let h(q) = 3*q**2 - 9*q - 6. Let c be h(6). Suppose -4*z = 3*u - c, 0 = -4*z + 2 + 10. What is the remainder when 21 is divided by u?
9
Let m be 58/(-5) + 52/(-130). Let a = 49 - m. What is the remainder when a is divided by 32?
29
Calculate the remainder when 65/((-143)/(-11)) - -570 is divided by 100.
75
Suppose 3*b + 0*b = 810. Suppose 6*r = r + b. What is the remainder when r is divided by (-1)/(-5) + (-3196)/(-170)?
16
Let i = 1228 + -440. Calculate the remainder when i is divided by 33.
29
Let b = 161 - 161. Suppose b*n = 4*s + 4*n - 200, -5*n + 62 = s. Calculate the remainder when s is divided by 26.
21
Let h(n) = -n**3 - 44*n**2 + 58*n + 14. Calculate the remainder when h(-46) is divided by 72.
66
Let k be (27/81)/(2/(72/2)). Calculate the remainder when (4/3)/((-1)/(-51)) is divided by (-3)/k*108/90*-30.
14
Suppose -2*u + 3*u - 312 = -5*x, x - 66 = u. Let g = 85 - x. Suppose -7*k + 120 = g. What is the remainder when k is divided by 10?
4
Let r = 8 + 2. Suppose b = -110 + 42. Let m = -50 - b. What is the remainder when m is divided by r?
8
Let k = 397 - 227. Suppose -5*j - 25 = 0, -5*j = 4*q - 9*q + k. What is the remainder when 96 is divided by q?
9
Suppose -6*f = -2*f. Suppose f = 5*v - 28 - 52. Suppose -11805 + 14466 - 82843 = -853*o. Calculate the remainder when o is divided by v.
14
Let o = -480 - -510. Suppose 294 = o*p - 27*p. Calculate the remainder when p is divided by 57.
41
Let c be 396/(-15)*4/(-6)*5. Suppose -3*r + 94 = c. Suppose -g = -3*w, -2*g - 5*w + 46 = 13. What is the remainder when g is divided by r?
1
Suppose -2*x = 17 - 25. Suppose x*u - 20*u = -160. Calculate the remainder when 179 is divided by u.
9
What is the remainder when 28 is divided by 86301/10836 + (-2)/(-56)?
4
Let i = 6416 + -6275. Calculate the remainder when i is divided by 1*21*(-6)/(-7).
15
Let p = 0 - -35. Suppose -p = -g - 2. What is the remainder when g is divided by -15 - -22 - (-40)/20?
6
Let q = 0 - -21. Let d be (1 - 1)*(-16)/(-64). Suppose -2*z + d = -12. Calculate the remainder when q is divided by z.
3
Let m(q) = -7*q - 32. Let z(w) = w. Let s(o) = -m(o) - 3*z(o). What is the remainder when 91 is divided by s(-2)?
19
Suppose -11870 = -12*d - 11006. Calculate the remainder when 1073 is divided by d.
65
Let p(b) = 3*b**2. Suppose 3*w - 2*s + 9 = s, -4*s = w - 22. Calculate the remainder when -68*((-3)/(-15))/(6/(-15)) is divided by p(w).
10
Let x be (5/3 + -1)/(50/(-150)). What is the remainder when 58 is divided by 21 + -4 + 2 + (1 - x)?
14
Let q be 28 - (-3 + -3 - -8). Let k(o) = 2*o - 21. What is the remainder when 71 is divided by k(q)?
9
Calculate the remainder when (-161)/14*(-16)/5 + (-3)/(-15) is divided by 32.
5
Suppose -4*y + w + 495 = 0, -y = 5*w - 0*w - 108. Let j = 28174 + -28127. Calculate the remainder when y is divided by j.
29
Let z = -316 - -727. Let a = -386 + z. What is the remainder when (18/4)/(1/16) is divided by a?
22
Let n(a) = 4*a - 4. Let l be n(3). Let k(d) = d**2 - 9*d + 1. Let t be k(l). Let v(w) = -3*w - 17. Calculate the remainder when 18 is divided by v(t).
2
Let j = 3406 + -3398. What is the remainder when 293 is divided by j?
5
Let s(h) = 78*h**2 + 7*h - 14. Let w be s(5). Suppose 5*b + 2*q = w, -2 = -0*q + q. What is the remainder when b is divided by 57?
53
What is the remainder when 1137 is divided by ((-102)/(-10) + -14)*-25?
92
Suppose 0 = -3*v - 5*y + 150, -5*v + 141*y - 146*y + 270 = 0. Calculate the remainder when 545 is divided by v.
5
Let t(k) = -98*k + 4965. What is the remainder when t(50) is divided by 11?
10
Suppose 40*l - 22039 = -19*l - 2510. Calculate the remainder when l is divided by 319.
12
Let j be 5/25*6071 - 8/(-10). Let c(s) = -2*s + 1214*s**3 - 2*s**2 + 8 - j*s**3 + 10*s**2. What is the remainder when c(7) is divided by 9?
7
Suppose -23*i = -18*i - 255. Suppose i = 3*h - 12. Suppose 2*j + h = 2*w - 3*j, -49 = -3*w + 4*j. What is the remainder when 89 is divided by w?
20
Suppose 11*h = 15*h - 472. Suppose -h = -9*q + 269. Calculate the remainder when 170 is divided by q.
41
Suppose 5*y + 2*d + 103 = 0, -10*d + 110 = -5*y - 5*d. Calculate the remainder when 18/(-189) + (-317)/y is divided by 10.
5
Suppose -2*z + 178 = 150. What is the remainder when (-721)/(-35) - 2/(-5) is divided by z?
7
Let y(r) = 8*r**2 - 24*r - 13. Let b be 6 - 0/2*(9 - 10). Let u = 82 - 49. What is the remainder when y(b) is divided by u?
32
Let x(d) = d**2 + 10. Let s be x(3). Suppose -3*c = -s - 14. Suppose 19*m = 833 - 54. Calculate the remainder when m is divided by c.
8
Let s(r) = 6*r**3 - 6*r**2 - 56*r + 383. Calculate the remainder when s(6) is divided by 370.
17